j) = j**2 - 4*j - 5. Let o(c) = c**2 - 3*c - 6. Let p be o(5). Let t(r) = p*h(r) - 7*m(r). Give t(2).
-5
Suppose -19 = -15*k - 4. Let a(q) = -11*q**2. What is a(k)?
-11
Let p(t) = 7*t**3 - 28*t**2 - 27*t + 13. Let h(n) = -3*n**3 + 14*n**2 + 14*n - 7. Let f(l) = -5*h(l) - 2*p(l). Calculate f(15).
-6
Let p(z) = -3*z - 2. Let u be (-7)/(28/6)*(1 + -3). Determine p(u).
-11
Let s(i) be the second derivative of -i**3/6 + 4*i**2 - 33*i. Determine s(6).
2
Suppose -t - 2 = -5*h, 0*h = 2*h + 4*t + 8. Let q(j) = h + j + 0*j + 1 - 2. What is q(3)?
2
Let t(o) = o**3 + 4*o**2 - 5*o - 7. Let k(g) = g**3 - 4*g**2 - 6*g. Let c be k(5). Determine t(c).
-7
Let l(x) = -x**3 + 3*x**2 + 6*x - 2. Let b(v) = v**3 + 13*v**2 + 11*v - 8. Let u be b(-12). What is l(u)?
6
Let s = -8 + 12. Let i(d) = -6*d - 4 + 160*d**2 - 2 - 159*d**2 + 3. Calculate i(s).
-11
Suppose 5 = -3*s + 17. Let v(w) = -8*w**2 - 2*w + 2*w**2 + 4*w**2 - 3*w + s. Give v(-4).
-8
Let a(b) = 17*b**2 - 6 + 8 - 16 - 11*b. Let l(z) = -6*z**2 + 4*z + 5. Let g(f) = -4*a(f) - 11*l(f). Calculate g(3).
-17
Let o(v) be the second derivative of -v**3/6 + 3*v**2 + 3*v. Let z = 8 - 18. Let t = z - -15. Give o(t).
1
Let f be -1 - ((-4)/(-6) + (-180)/(-54)). Let x(w) = -w**3 - 4*w**2 - 7. Calculate x(f).
18
Let d be ((-1)/(-2))/(2/(-12)). Let i be d + -1 + (-1 - -4). Let r(h) = 7*h + 13. Let t(x) = 7*x + 11. Let l(s) = 5*r(s) - 6*t(s). What is l(i)?
6
Let a(n) = -2*n**2 + 10*n - 8. Let w(k) = k**2 - 5*k + 4. Let l(m) = -6*a(m) - 11*w(m). Let u(t) = t**2 - t - 2 - 6 + 2*t. Let c be u(-4). Determine l(c).
0
Let a(v) be the first derivative of 4/3*v**3 + 5 - 5/2*v**2 - v + 1/4*v**4. Give a(-5).
-1
Let b(n) = 3*n**2 + 10*n - 11. Let l(p) = -4*p**2 - 11*p + 12. Let q(w) = -5*b(w) - 4*l(w). Suppose 0 = -3*d - 0*d + 18. Give q(d).
7
Let l be (-2)/(-6)*(7 + -1). Let h(s) be the first derivative of -s**2 + 1/4*s**4 + s - 2/3*s**3 + 1. Calculate h(l).
-3
Let w(n) = 3*n. Let g(k) = -k**2 + 8*k + 11. Let a be g(9). Let f(t) = -t**2 + 2*t + 1. Let j be f(a). What is w(j)?
3
Let y(j) = 4*j**2. Let g(k) = -k**2 - 3*k + 3. Let q be g(1). Calculate y(q).
4
Let j(u) = -u**3 + u + 8. Let f be j(0). Suppose 2 = q + f. Let z(m) = 7*m - 6*m + m**2 + 8 + 7*m. Calculate z(q).
-4
Suppose -6*k + 2*k = 12. Let b(j) = 2*j**2 + 5*j + 2. Let x(w) = 2*w**2 + 5*w + 2. Let v(z) = -4*b(z) + 3*x(z). Determine v(k).
-5
Let t(m) be the first derivative of -m**3/3 - 7*m**2/2 + 3*m - 9. Determine t(-7).
3
Let f(z) be the third derivative of z**4/24 - 2*z**3/3 + 3*z**2. Determine f(0).
-4
Let t(m) = 3 + 0 - 3*m + 4*m. Suppose k = 3, 3*k - 2*k = 5*y + 13. What is t(y)?
1
Let b be (-3 - 1)*3/(-6). Let j(q) = 7 + 0*q - q + b*q. Suppose 2*y + 10 = k + 1, -17 = 3*y - 5*k. Determine j(y).
3
Let s = -120 - -118. Let o(r) = -r**3 - 4*r**2 - 3*r. Give o(s).
-2
Let y(d) be the third derivative of d**4/24 + 13*d**3/6 - 6*d**2. Give y(-9).
4
Let r(u) = u**3 + u**2 + u - 1. Let t(f) = -5*f**3 - 3*f**2 - 3*f + 3. Let g(q) = -4*r(q) - t(q). Give g(3).
16
Let f(o) = -o - 6. Let l be f(-8). Suppose l*m = -5*b + 2, -3*b = 5*m - 5*b - 5. Let r(j) = -1 + m + 0 - 3*j. What is r(-4)?
12
Let q(y) be the third derivative of -y**7/2520 - y**6/180 - y**5/120 + 3*y**4/8 - 4*y**2. Let l(d) be the second derivative of q(d). Give l(-4).
-1
Let k(m) = -2*m - 3. Let j = 9 - 12. Let h be ((-52)/(-20) + j)*-10. Calculate k(h).
-11
Let a(t) = 2*t + 9. Let u(d) = d - 1. Let h(m) = -a(m) - 4*u(m). Calculate h(-4).
19
Let a be 10/45 - 34/(-9). Suppose 3*c - a - 11 = 0. Let p = c - 6. Let z(k) = 4*k**2 + k. Give z(p).
3
Let k(w) = w**3 - 4*w**2 - 4. Let l(q) be the second derivative of q**5/20 + q**4/4 + 2*q**2 + q. Let f be l(-3). Give k(f).
-4
Let w(h) = 2 + 0 - 4 + h + 3. Let b(y) = -4*y**2 - 2 - 4*y + 7 - 3*y + y**3. Let x be b(5). Give w(x).
-4
Let o(s) = -s**2 + 76*s - 144*s + 69*s - 1 + 14*s**3. Calculate o(1).
13
Suppose 0 = 5*g - 15, 0 = -3*y - 2*y + g + 2. Let j(w) be the first derivative of -w**2/2 + w + 9. Determine j(y).
0
Let s(x) = -2*x - 8. Suppose 3*t - 24 = 7*t. Give s(t).
4
Let q(u) = -7 - 24*u**3 - 22*u + 24*u + 8. What is q(-1)?
23
Suppose 4*n - 5 = 3. Suppose -2*j + 20 = -0*p + 4*p, 5*p - 24 = -2*j. Let f(z) = -z**j + n - 1 - 4*z + z. Determine f(-4).
-3
Let z = 1 + 2. Let s = 0 + 0. Let t = z + s. Let w(v) = v**3 - v**2 - 4*v + 1. Give w(t).
7
Let p(h) = 8*h - 6 + 4*h**2 - 5*h**2 - 1. Let n(k) = -k**2 - 7*k - 3. Let r be n(-6). Suppose -t = t + 4*s - 14, -r*s = 5*t - 28. Calculate p(t).
8
Let r(i) = -i**2 + 7*i - 1. Let x be 3 - 2/1 - 6/(-1). Determine r(x).
-1
Let s(r) = -11*r + 11. Let y(k) = -13*k + 13. Let t(l) = -6*s(l) + 5*y(l). Let u be ((-2)/(-3))/(1/(-6)). What is t(u)?
-5
Suppose 1 = 4*v - 3*v. Let a(d) = -4*d**2 - 1 - 2*d - v + 1. Suppose -3*o - 2*w = 2*w - 5, 0 = 2*o - w + 4. Calculate a(o).
-3
Let v(q) be the first derivative of -q**4/4 + 7*q**3/3 - 3*q**2 - 6*q + 12. Determine v(6).
-6
Let a(o) be the first derivative of -o**3/3 + 3*o**2/2 + 3*o + 14. What is a(3)?
3
Suppose -10*q = -8*q - 4. Let g(u) = -2*u**3 + u**2 + 3*u - 2. Give g(q).
-8
Suppose -o - 4*o - 30 = 5*i, 5*i + 28 = -4*o. Let t(c) = c**2 + 8*c + 1. Let x(r) = -r - 1. Let s(w) = t(w) + 5*x(w). Determine s(i).
0
Let a(t) = 0*t**3 + 1 + 0*t**3 - 4*t - 4*t**2 - t**3. Let q(x) = 3*x**2 + 2*x + 1. Let n be q(-1). Suppose 17 = -5*i + n. Calculate a(i).
4
Suppose 2*f = -2*f + 3*h + 31, -h + 11 = 4*f. Let t(r) = -r**3 + 4*r**2 + 5*r. Give t(f).
20
Let r(v) = v**3 - 7*v**2 + 6*v + 5. Let u be ((-12)/(-9) - 1)*21. Suppose 5*y - u*y = -12. Calculate r(y).
5
Let u(q) = 3*q - 1. Let s = -16 + 27. Suppose -4*c + 3*j = 8 + s, 20 = 4*j. Calculate u(c).
-4
Let v = 2 - 2. Let j = -3 + v. Let i(l) = -8*l**3 - 2*l**2 - 3*l - 9. Let b(w) = -3*w**3 - w**2 - w - 3. Let y(c) = 11*b(c) - 4*i(c). Determine y(j).
0
Let t(b) be the third derivative of b**6/120 + b**3/6 - b**2. Let f be (3/(-15))/((-5)/(-25)). Let x be (0/11)/(f*3). Calculate t(x).
1
Suppose -u = w, -3*w + 5*u = w - 9. Let f(h) = h + h - h - 4*h**2 - 1. What is f(w)?
-4
Let w(k) be the second derivative of 7*k**4/6 - k**3/3 + 16*k**2 - k. Let v(p) = -5*p**2 + p - 11. Let n(a) = -17*v(a) - 6*w(a). Determine n(5).
-5
Let v(x) = -x**2 + x + 2. Let i be v(-1). Let c(m) = -m**3 - 9*m**2 + 4*m**2 + 6*m + 1 + 3 + i. Give c(-6).
4
Let m(w) be the second derivative of 1/3*w**3 - w + 3/2*w**2 + 0. Determine m(-3).
-3
Let g(r) be the third derivative of r**6/360 - r**5/120 + 7*r**3/6 - 4*r**2. Let n(j) be the first derivative of g(j). Determine n(1).
0
Let j(l) = -5*l. Suppose -3*k + 4*z - 6 = -43, -2*k + 2*z = -22. Let y(b) = 16*b + 1. Let g(w) = k*j(w) + 2*y(w). Calculate g(5).
-13
Let u(k) = k**2 - 1. Let i(m) = -4*m**2 - 8*m + 8. Suppose 2*g + 5 = -5. Let s(o) = g*u(o) - i(o). Determine s(7).
4
Let t(f) be the second derivative of f**5/20 + f**4/12 + f**3/6 + f**2/2 - f. Let j(l) = -2*l + l + 2 - 2 + 6. Let b be j(7). Calculate t(b).
0
Let l = 221/2 + -110. Let o(s) be the first derivative of -l*s**2 - 4 + 2*s. Determine o(5).
-3
Let s(l) be the first derivative of -6 - 5*l + 0*l**3 + 1/2*l**2 + 1/4*l**4. What is s(0)?
-5
Suppose -2*t + 0*t - 2 = 0. Let f(q) = -3 - 4*q**2 + 4 + 2*q**2 + 3*q**3. What is f(t)?
-4
Let c(o) = 5*o**2 - 20*o - 2. Let t(z) be the first derivative of -2*z**3/3 + 7*z**2/2 + z - 7. Let g(k) = 3*c(k) + 8*t(k). Calculate g(-5).
-3
Let y(a) = a**3 + 4*a**2 + 3*a + 3. Let n(s) = s**3 + 5*s**2 + s - 16. Let p be n(-4). Determine y(p).
-9
Let s(q) = q - 1. Suppose 8 = -5*h - 42. Let r = -8 - h. Let n(g) = g - 4. Let b(f) = r*s(f) + n(f). Give b(4).
6
Suppose -6*a + 13*a + 35 = 0. Let r(n) be the second derivative of -n**4/12 - 5*n**3/6 - 3*n**2 - 2*n. Give r(a).
-6
Let f(g) = 7*g**3 + g**2 - g - 1. Let j be -8 + 7 + 1/2*0. Give f(j).
-6
Let x = 33 - 33. Let s(d) be the first derivative of -d**2/2 - 8*d - 1. Give s(x).
-8
Let c(p) = -3*p - 1. Let r(a) = 9*a**3 - a. Let z be r(-1). Let g be (z/(-10))/((-10)/(-25)). Determine c(g).
-7
Let a(i) = i**2 - 3*i - 3. Suppose -4*k = 0, -2*k - 6 = -3*b + 6. Let u be a(b). Let s(y) = -3 - 3 + 2 - 2*y + 3. Determine s(u).
-3
Let j = 80 + -79. Let c(r) = 3*r + 1. Determine c(j).
4
Let b(h) = -h**2 + h. Let y be b(4). Let n = y - -7. Let w(t) = -t**3 - 5*t**2 - t - 7. Give w(n).
-2
Let z(h) be the second 